?
True
Let k = 18 + -4. Let a = -8 + k. Suppose 3*d = a*d - 1941. Is d a composite number?
False
Suppose -385309 = -4*q - q + 4*f, -77051 = -q - f. Is q a prime number?
False
Let u = -11 + 18. Suppose 0 = -11*h + 16*h - 305. Suppose u*b = 44 + h. Is b a prime number?
False
Let d(w) = -1001*w + 1342. Is d(-45) composite?
True
Let d be 9/5 + -2 - 3204/(-20). Suppose q - d = 2*u, 3*q + 5*u + 815 = 8*q. Let m = 153 + q. Is m composite?
True
Let m(l) = 7668*l**2 - 135*l + 632. Is m(5) a composite number?
False
Let f(a) be the second derivative of 163*a**3/6 - 2*a**2 + 59*a. Let x = -37 - -40. Is f(x) composite?
True
Let a = -141 - -135. Let j be ((-8)/2)/(-4) - (a + 4). Suppose -3*o + 7006 = 2*o - c, 0 = o + j*c - 1414. Is o composite?
True
Suppose 4*n - 12 = 4*s, -2*n + 5*s = -n - 3. Let u be (-15)/(45/24) - -3144. Suppose -3*h + 3146 = -4*y, n*h - u = -0*h + 2*y. Is h prime?
False
Suppose 0*d = d + 2. Let f = -1784 + 3054. Is (f/(-30))/(d/6) a prime number?
True
Suppose 2*s - 7*s + 215 = 0. Suppose m + 4*w = s, -3*m - 123 = -4*w - 332. Is m - (-12)/9*3/2 a prime number?
False
Is ((-55437)/(-9))/(((-40)/160)/((-3)/4)) prime?
False
Let i be (16/(-20))/((-14)/15995). Suppose -2*y + i + 3592 = 2*b, -2263 = -y + b. Is y composite?
True
Suppose 34*s + 1814876 = 5836498. Is s a composite number?
True
Suppose -2670*d + 22793700 = -2570*d. Is d composite?
True
Is -10 + (-16 - (-122019 - 0)) a composite number?
False
Is (0 - 1)*(328774/(-10))/((-36)/(-180)) composite?
False
Let p be (-13)/4*7*-100. Let j = 4356 - p. Is j a composite number?
False
Let p = -175 + 175. Suppose -6*o + 3*o = -15. Suppose -4*g = -g + o*s - 412, g - 3*s - 142 = p. Is g a composite number?
False
Let s = 140 - 89. Suppose s*n - 14065 = 46*n. Is n a prime number?
False
Let v(p) = -15*p**2 + 14*p + 2. Let z be v(11). Let y be 2/(-3)*z - 3. Suppose -898 = -4*m + 2*g - 4*g, -5*m = -4*g - y. Is m a prime number?
True
Let z = 405765 - 161236. Is z composite?
False
Let b(m) = 30*m + 1587. Let c be b(116). Suppose 3*f + 19 = -4*h - 1, 5 = 4*f - h. Suppose -5*s + 5*n + 8450 = f, -2*s + c = s - 4*n. Is s a prime number?
True
Suppose 0 = -15*v + 209*v - 6685722 - 139004. Is v prime?
False
Let t = 4043 + -2220. Let f = t - -368. Let v = 3102 - f. Is v a prime number?
True
Suppose r + 3 = -3*c, 4*c + 4*r = 3*r - 3. Let p = c + 80. Let k = p + 131. Is k composite?
False
Let s(k) = 5894*k**2 + 76*k + 23. Is s(7) a composite number?
False
Suppose 232*y = 234*y - 10. Is (4*y/(-40))/(4/(-29976)) a composite number?
True
Let j be -8*((-4)/((-16)/6))/3. Let q be (48/(-24))/(j/34). Suppose 0 = -q*r + 24*r - 8407. Is r a composite number?
False
Let h(i) = 2*i**2 - 6*i + 6. Suppose -3*b + 30 = 4*t - 4*b, 24 = 2*t - 5*b. Let q be h(t). Let f = q - 29. Is f a prime number?
False
Let v = -297 - -301. Suppose -i + 1074 = 5*y - 1842, v*i = 5*y + 11789. Is i a composite number?
True
Let u(y) = -y - 5. Let q be u(-12). Let n be (-7 + q)/((-2)/(-6)*3). Suppose -2*v + 618 + 56 = n. Is v a prime number?
True
Let b(s) = -229*s - 1914. Is b(-85) a composite number?
False
Let g = -135148 + 430611. Is g a composite number?
True
Let d be ((-4)/(-6))/((-1)/3*-1). Suppose d*x = -2*l + 14, 33 = 4*x + 7*l - 2*l. Suppose -r = -4*r + x*m + 2361, -r + 786 = -m. Is r composite?
True
Suppose 0 = -58*l - 13*l + 8109407. Is l composite?
False
Suppose 1157885 = 3*l - 4*s - 729338, -3145400 = -5*l + s. Is l composite?
False
Let q be 132/(-6) + -7 + 11. Let w(j) = 106*j**2 + 30*j + 293. Is w(q) composite?
True
Let l(d) = -7*d + 100. Let f be l(14). Suppose -3*x + 5*b = x - 87844, x - 21961 = f*b. Is x a prime number?
True
Suppose 0 = -3*k + 5*y + 25497, -7 = 2*y - 19. Is k composite?
True
Let z = -327939 + 580486. Is z a composite number?
True
Suppose -4*k = 4*a + 1872 - 12136, 5*a - 3*k - 12822 = 0. Let w = 13 - 1. Suppose -a = -w*y + 399. Is y prime?
False
Let j(v) = 461*v**2 - 75*v + 303. Is j(26) prime?
True
Is ((-16)/(-336)*-7)/((-3)/685863) prime?
True
Suppose -109*f = -3*i - 104*f + 26537, 4*i + 3*f - 35460 = 0. Is i prime?
False
Let t be 2*71 + (12 - 11). Let r(c) = c**3 + 7*c. Let f be r(3). Let p = t + f. Is p a prime number?
True
Is 2103550/60 + 4/(-24) prime?
True
Suppose -3*p + 7300 = 2*p. Let c = 1707 + 952. Let y = c - p. Is y composite?
True
Let m(j) = -36586*j**3 - 2*j - 1. Suppose 0 = -o + 5*p - 11, -2*p - 1 = -o - 3*p. Is m(o) a composite number?
False
Let j(v) = 31*v**2 + 30*v**2 - 1 + 18*v**2 + 36*v - 24*v**2. Is j(-22) composite?
True
Suppose -31*k + 1403342 = -3217860 - 1528919. Is k composite?
False
Suppose -127*y + 121000 = -135*y. Let q = y - -79524. Is q prime?
True
Let m(i) = 861*i**2 - i - 1. Let b be m(-2). Let a = b - 282. Is a a composite number?
False
Let d(b) = -3520*b - 3891. Is d(-23) prime?
True
Is (7/(-6)*(-2130)/(-1491))/(1/(-314187)) prime?
False
Suppose 3*b = 399 + 1836. Suppose c + l - 13 = 0, -l - 53 = -4*c - 11. Suppose 6*d + b = c*d. Is d a composite number?
False
Let w = 507 + -513. Is (-6 - (-158)/w)*-249 prime?
False
Suppose 20*l - 49419 = 3*l. Is l/6 + -4 + (-3)/(-6) a composite number?
True
Let o be (-1 - 4/20)*160/6. Let d = o + 23. Let v(f) = 4*f**2 + 2*f + 8. Is v(d) a composite number?
True
Let y = 17 + -41. Let f be ((-12)/(-9))/((-8)/y). Suppose -w + 4541 = f*k, -2*w - k + 6100 + 3017 = 0. Is w a composite number?
False
Let p(n) = 9777*n**3 - 4*n**2 + 93*n - 376. Is p(5) prime?
False
Let t = 888 + -886. Is t/10 + (-32904)/(-5) composite?
False
Let m be (-267)/5 - 2/(-5). Let r(n) = -104*n - 251. Is r(m) prime?
True
Let l = -409 + 413. Suppose -4 - 16 = -5*a, 19115 = 3*y - l*a. Is y prime?
False
Suppose 30 = 3*s + 18. Suppose -s*n + 0*n + 35368 = -a, -3*n - 5*a + 26549 = 0. Is n composite?
True
Let t = -880 + 632. Let g(f) = 25*f**2 + 5*f + 9. Let h be g(-6). Let s = h + t. Is s a composite number?
False
Suppose -2457762 = -8*o - 56266. Is o prime?
True
Let w = 425 + -413. Suppose -43253 = -w*a + 55975. Is a a prime number?
True
Let a = -37 - -79. Suppose f = -a + 445. Suppose 82 = 5*z - f. Is z a prime number?
True
Let q be ((-15)/(-6) - 2)*-6. Let w be (-2)/(2/(-1 + q)). Suppose 2*b - 4*v = 7*b - 2187, w*b + v - 1754 = 0. Is b a composite number?
False
Suppose 0*u - u = -d + 4, -2*u - 2*d = -8. Suppose u = 21*n - 19188 - 12018. Is n a composite number?
True
Let w(f) = f**3 + 8*f**2 + 12*f + 7. Let b be w(-5). Let n(y) = -b*y - 54*y - 112*y - 21 - 42*y. Is n(-22) a prime number?
True
Suppose -3*d - 395 = 2*z - z, -401 = z + 5*d. Let f = 3297 - z. Is f prime?
False
Is (345287 - -2)*2 + 572/(-52) a composite number?
True
Suppose -3*i - 6*j + 2*j = 80, 75 = -4*i + j. Is (-177984)/i + 1/(-5) a prime number?
False
Suppose -3*d + 8 = -5*r, 4*r + 36 + 0 = -5*d. Let z(t) = t**3 + 5*t**2 + 3*t + 10. Let k be z(d). Let h(i) = i**2 - 9*i + 9. Is h(k) composite?
False
Suppose -n - 232 = 28*n. Let j(h) be the first derivative of -h**4/4 + 2*h**3/3 + 4*h**2 - 3*h + 6. Is j(n) prime?
False
Let i(h) = -h**3 + 38*h**2 + 25*h + 132. Is i(38) a prime number?
False
Let x be (462/55)/(-1 - (-43)/40). Let q = x - -144. Let k = -45 + q. Is k a composite number?
False
Let k(v) = 3*v**3 + 34*v**2 - 4*v + 10. Let d be k(-10). Let h = 490 + d. Let a = h - -747. Is a a prime number?
False
Suppose 4*o + 4*r + 71464 = 2*r, o = 3*r - 17880. Let p = o + 29533. Is p composite?
True
Let m(l) = -10*l + 65. Let y be m(6). Suppose 0*z + y*z = 4*f + 4767, 0 = -4*z + 3*f + 3814. Is z prime?
False
Suppose -6*l + 25 = -5. Suppose -2*p = -l*h - 29 - 54, 0 = 4*h - 3*p + 72. Let w(c) = c**3 + 18*c**2 + 28*c + 19. Is w(h) a composite number?
True
Suppose -17754 = 4*d - 5*s, 3*d + 13317 = -s + 4*s. Let k = -1508 - d. Is k a composite number?
True
Suppose -1374*n + 1365*n + 360243 = 0. Is n a composite number?
True
Suppose 0 = -14*d + 699552 + 466046. Is d a prime number?
True
Let n be -5 + 2 + (10 - 5). Is 7308/(6/n) - (-6 - -7) a composite number?
True
Let m(x) = -x**3 - 13*x**2 - 3*x + 14. Let f(g) = 3*g**3 + 27*g**2 + 5*g - 28. Let u(d) = 4*f(d) + 9*m(d). Let c be u(7). Suppose 158 = 9*v - c. Is v prime?
True
Suppose -27*o - 29*o = -76216. Let z = o - -1802. Is z composite?
False
Let f = 80998 + -48564. Is f a composite number?
True
Let c = -199 + 199. Is -6*(25/(-30) + c) + 4002 prime?
True
Let a = -18 + 15. Let i